 34*a - 240. Give i(24).
0
Let j(k) = k**2 - 5*k + 2. What is j(4)?
-2
Let v(f) = -f**3 - 14*f**2 + 16*f + 22. Calculate v(-15).
7
Let j(p) = 3*p**2 - 107*p - 52. Calculate j(36).
-16
Let z(f) = f**3 + 21*f**2 + 3*f + 82. Calculate z(-21).
19
Let d(i) = -2*i**2 - 64*i + 136. What is d(-34)?
0
Let c(v) = -v**2 + 11*v - 9. What is c(4)?
19
Let a(t) = -t**3 + 4*t**2 + t + 4. Calculate a(4).
8
Let k(n) = -n**3 + 8*n**2 + 7*n + 13. Give k(9).
-5
Let k(n) = -63*n + 314. Calculate k(5).
-1
Let j(s) = s - 2. Determine j(-2).
-4
Let v(g) = 6*g. Give v(-4).
-24
Let t(p) = p**2 - 3*p + 15. Give t(6).
33
Let u(k) = k**3 - 8*k**2 + 3*k - 2. Calculate u(7).
-30
Let w(y) = -11*y - 8. Give w(-7).
69
Let l(f) = -5*f - 9. Give l(-9).
36
Let r(b) = 2*b**2 + 4*b + 6. What is r(-3)?
12
Let n(r) = r**3 - 7*r**2 + r + 7. Give n(6).
-23
Let q(a) = -a**3 + a + 16. What is q(0)?
16
Let i(p) = p**2 - 8*p - 14. Give i(12).
34
Let r(p) = 10*p + 131. What is r(-13)?
1
Let v(m) = -6*m + 7. Give v(2).
-5
Let j(o) = 3*o - 5. Give j(8).
19
Let m(k) = k**2 - 8*k + 12. Give m(4).
-4
Let f(s) = -s**2 - 16*s - 40. Calculate f(-8).
24
Let a(s) = -s**3 + 34*s**2 + 71*s + 43. Give a(36).
7
Let l(t) = -t**2 - 27*t - 182. Give l(-11).
-6
Let t(x) = -x**3 - 7*x**2 + 19*x + 12. Give t(-9).
3
Let x(s) = s**2 - 9*s + 36. What is x(4)?
16
Let z(u) = -u**3 - 3*u**2 - 3*u - 1. Give z(-2).
1
Let n(x) = -8*x. What is n(4)?
-32
Let o(t) = t**2 - 14*t + 11. Determine o(12).
-13
Let g(k) = -k**3 - 12*k**2 - 12*k - 3. Calculate g(-11).
8
Let c(t) = t**2 - t - 286. Determine c(18).
20
Let t(q) = -46*q - 8. Give t(-1).
38
Let j(l) = -3*l**2 + l + 6. Calculate j(-2).
-8
Let m(y) = y**3 - 13*y**2 + 18*y + 2. Calculate m(10).
-118
Let w(v) = -v**3 + 18*v**2 + 17*v + 39. Give w(19).
1
Let y(a) = 29*a**2 + a. Calculate y(-1).
28
Let m(g) = g - 18. Give m(12).
-6
Let w(p) = 13*p**3 + 2*p**2 - p. Calculate w(1).
14
Let t(i) = -14*i**2 + i. Determine t(1).
-13
Let q(l) = -5*l**2 - 13*l - 9. Determine q(-2).
-3
Let k(x) = -x**2 - 9*x + 8. What is k(-6)?
26
Let z(g) = -g**3 + 3*g - 13. Determine z(0).
-13
Let w(q) = -5*q**2 + 25*q - 5. What is w(5)?
-5
Let b(h) = 28*h + 182. Give b(-6).
14
Let s(a) = 6*a + 79. Calculate s(-13).
1
Let b(t) = -t**2 + 7*t + 7. Determine b(7).
7
Let p(t) = t**2 - 41*t + 67. What is p(39)?
-11
Let j(h) = -2*h**2 - 6*h + 11. Calculate j(-4).
3
Let f(b) = -2*b**2 - 1. Determine f(-2).
-9
Let g(t) = t**3 - 25*t**2 - 25*t - 30. Give g(26).
-4
Let y(h) = -2*h**3 - 13*h**2 - h - 8. Determine y(-6).
-38
Let t(n) = 6*n. Determine t(6).
36
Let c(a) = -a**3 - 10*a**2 - 15*a + 1. Calculate c(-3).
-17
Let q(c) = 15*c - 18. Calculate q(4).
42
Let n(t) = 3*t**2 - 50*t - 5. What is n(17)?
12
Let i(c) = 2*c**2 - 5*c + 4. What is i(-3)?
37
Let d(u) = -106*u - 319. Determine d(-3).
-1
Let w(a) = a**2 - 6*a - 110. Give w(14).
2
Let j(q) = q**3 - 2*q**2 - q + 5. What is j(3)?
11
Let f(c) = 18*c + 71. Determine f(-4).
-1
Let p(a) = -2*a**3 + 3*a**2 - 5*a + 3. Give p(3).
-39
Let l(h) = 36*h - 55. Calculate l(6).
161
Let o(t) = 6*t + 9. Determine o(5).
39
Let g(f) = f**2 - 24*f + 12. Determine g(24).
12
Let h(m) = -m**2 - 17*m - 21. What is h(-8)?
51
Let x(v) = 9*v - 6. What is x(0)?
-6
Let o(l) = -l**3 + 7*l**2 + 10*l - 11. What is o(8)?
5
Let z(a) = -12*a + 36. Determine z(4).
-12
Let z(l) = l**3 + 11*l**2 - 4*l - 16. Give z(-11).
28
Let t(b) = 9*b - 13. Determine t(-6).
-67
Let o(i) = -6*i + 107. Calculate o(15).
17
Let o(a) = 3*a - 3. What is o(6)?
15
Let g(z) = -z + 23. Give g(20).
3
Let f(q) = 2*q + 7. What is f(-1)?
5
Let n(t) = -t**3 + 14*t**2 + 17*t - 29. What is n(15)?
1
Let v(z) = -z**3 + 6*z**2 - 6*z + 12. What is v(5)?
7
Let t(o) = o - 17. Calculate t(19).
2
Let k(u) = 2*u**2 - 8*u + 3. Give k(4).
3
Let c(n) = 3*n**2 - 8*n + 11. Calculate c(3).
14
Let a(h) = 22*h + 2. Calculate a(2).
46
Let d(a) = -a**2 + 9*a + 29. Give d(11).
7
Let s(r) = -2*r - 4. Calculate s(-9).
14
Let r(i) = i**3 - 4*i**2 + 2*i + 1. Give r(3).
-2
Let n(l) = -3*l**2 - 19*l. Calculate n(-6).
6
Let s(z) = -z**2 + 2*z + 12. Calculate s(6).
-12
Let c(a) = -2*a - 11. Determine c(-8).
5
Let o(z) = 2*z**3 + 37*z**2 + 12*z - 103. Calculate o(-18).
5
Let m(k) = -k**3 + 12*k**2 - 27*k - 14. What is m(9)?
-14
Let f(n) = n**3 + 4*n + 7. What is f(-3)?
-32
Let t(y) = 12*y - 456. Calculate t(40).
24
Let f(j) = -3*j - 15. Calculate f(-12).
21
Let m(t) = 10*t**2 - 2*t + 4. Calculate m(3).
88
Let l(q) = q**2 + 7*q - 5. Calculate l(-8).
3
Let i(c) = -3*c**2 - 5*c - 3. Calculate i(-3).
-15
Let n(c) = c**2 - 6*c - 7. Give n(-2).
9
Let v(o) = -o**3 + 8*o**2 - 8*o + 9. Give v(7).
2
Let c(b) = 5*b + 7. Give c(-7).
-28
Let o(s) = s**3 + 3*s**2 - 7*s - 10. Determine o(-4).
2
Let y(b) = b**2 - 66*b - 264. What is y(-4)?
16
Let g(w) = 5*w - 9. Calculate g(4).
11
Let g(r) = -r**2 + 6*r + 10. Determine g(8).
-6
Let t(d) = d**3 - 32*d**2 + 2*d - 68. Calculate t(32).
-4
Let p(f) = 4*f**2 - 2*f - 1. Calculate p(-2).
19
Let r(k) = k**3 + 33*k**2 + 12*k + 394. What is r(-33)?
-2
Let x(c) = c**2 - 20*c + 101. Calculate x(13).
10
Let d(z) = z**3 + 11*z**2 + 18*z + 1. Calculate d(-9).
1
Let p(h) = -h - 10. Determine p(-7).
-3
Let c(n) = 4*n - 17. Determine c(9).
19
Let u(v) = v**2 - v - 2. Give u(-5).
28
Let h(m) = 2*m**3 + 9*m**2 + 2*m + 9. Determine h(-4).
17
Let y(k) = 4*k - 46. What is y(10)?
-6
Let w(f) = 16*f - 39. Calculate w(5).
41
Let a(s) = -92*s**2 + 3*s - 1. Determine a(1).
-90
Let p(i) = 3*i**3 - 5*i**2 + i + 5. Give p(3).
44
Let k(i) = -i**2 + 5. Give k(5).
-20
Let v(u) = -2*u**2 - 97*u - 1029. Calculate v(-33).
-6
Let i(o) = o - 10. Give i(11).
1
Let k(w) = 19*w - 36. Calculate k(2).
2
Let m(c) = -c**2 - 8*c - 15. Determine m(-17).
-168
Let u(z) = 10*z - 227. Determine u(22).
-7
Let q(a) = -a**2 + 8*a - 9. Give q(5).
6
Let i(q) = q**3 + 13*q**2 - 6*q + 4. What is i(-13)?
82
Let s(j) = 17*j + 155. Give s(-9).
2
Let a(g) = 7*g**3 - g**2 + g - 1. What is a(-2)?
-63
Let s(p) = -p**2 - 10*p + 31. What is s(-12)?
7
Let l(o) = -o**3 + 4*o**2 + 10*o + 5. What is l(8)?
-171
Let c(k) = k**3 + 21*k**2 + 81*k + 21. What is c(-16)?
5
Let x(h) = h**3 - h**2 + h + 33. Determine x(0).
33
Let r(a) = a**3 - 10*a**2 - 8*a - 16. Determine r(11).
17
Let q(i) = -2*i**2 + 15*i - 8. Give q(6).
10
Let m(g) = 3*g**3 + 47*g**2 + 30*g + 6. Determine m(-15).
6
Let r(p) = p**2 + 14*p + 56. Determine r(-5).
11
Let m(o) = 9*o**3 - 2*o**2 + o. What is m(1)?
8
Let f(x) = -x**3 - 15*x**2 + 31*x - 55. Give f(-17).
-4
Let d(n) = -n**2 + 7*n + 374. Calculate d(23).
6
Let w(s) = -s**2 + 14*s + 13. Calculate w(12).
37
Let q(j) = -j**2 - 11*j + 20. What is q(4)?
-40
Let d(p) = 5*p**2 + 2*p + 2. Calculate d(-1).
5
Let r(l) = -4*l - 35. Calculate r(-6).
-11
Let c(j) = -j. Give c(1).
-1
Let h(c) = -10*c + 99. Determine h(8).
19
Let w(m) = 18*m**2 - 59*m + 18. What is w(3)?
3
Let f(w) = -w**2 - 26*w - 147. Calculate f(-8).
-3
Let c(s) = -3*s**2 + 8*s + 10. Give c(3).
7
Let o(w) = w**2 - 22*w + 39. Calculate o(18).
-33
Let z(n) = n**3 + 11*n**2 + 8*n - 2. What is z(-8)?
126
Let b(q) = -q - 21. Give b(-14).
-7
Let m(x) = -x**3 - 17*x**2 - 16*x + 7. Determine m(-16).
7
Let k(x) = -5*x + 9. Determine k(-14).
79
Let u(l) = 2*l**2 - 51*l + 29. Determine u(25).
4
Let w(o) = -o**3 - 6*o**2 + 7*o - 84. Determine w(-8).
-12
Let w(h) = h**2 - 16*h + 15. Calculate w(19).
72
Let w(p) = p**3 - 19*p**2 + 19*p - 15. Give w(18).
3
Let y(w) = -17*w - 242. Give y(-13).
-21
Let s(h) = 2*h**2 + 9*h - 6. Give s(-7).
29
Let g(x) = -x**2 + 8*x + 11. Calculate g(12).
-37
Let v(c) = -c**3 - 30*c**2 + 67*c + 90. What is v(-32)?
-6
Let c(d) = -2*d**2 + 3*d - 2. Calculate c(1).
-1
Let t(h) = h**2 + 15*h - 39. Calculate t(2).
-5
Let r(m) = -m**3 - 15*m**2 + 17*m + 12. Determine r(-16).
-4
Let a(i) = -i**3 + 11*i**2 - 4*i + 10. Determine a(10).
70
Let f(z) = z**2 - 9*z + 5. Calculate f(8).
-3
Let t(r) = -2*r**3 + r**2 + 6*r - 16. What is t(2)?
-16
Let k(r) = -2*r - 17. What is k(-5)?
-7
Let f(l) = -l**2 - 10*l - 22. What is f(-8)?
-6
Let n(a) = -4*a - 46. What is n(0)?
-46
Let y(j) = -2*j + 36. Give y(17).
2
Let a(u) = -4*u**2 - 62*u + 45. Calculate a(-16).
13
Let d(s) = -31*s + 282. Give d(9).
3
Let t(h) = h**2 + 4*h. What is t(-6)?
12
Let b(p) = p**3 - 10*p**2 + 11*p + 6. Give b(9).
24
Let t(p) = p**2 - 77*p -